
6
Suppose 0 = -j - 2*d - 388 + 36, j + 349 = d. Let m = 356 + j. Let f(a) = 2*a - 9. Determine f(m).
3
Let m(a) = -a**3 + a**2 + a - 16. Let b(i) = i**3 + 2*i**2 - 12*i - 16. Let y be b(-4). Determine m(y).
-16
Let h(w) = -w**3 + 13*w**2 - 21*w + 3. Let p = 5351 - 5340. Give h(p).
14
Let j be ((-20680)/(-66))/(-47) + 2/(-6). Let r(z) = -4*z - 45. What is r(j)?
-17
Let h(s) = -s**2 - 6*s - 8. Let l be h(-9). Let b be l/10*(2 - (8 - 0)). Suppose -6 = 3*f + b. Let d(n) = -n**3 - 8*n**2 + 8*n - 3. Determine d(f).
6
Suppose -c = -6, -149 = 2*i - 2*c - 147. Let u(p) = p**2 - 11*p + 28. What is u(i)?
-2
Let y(z) be the third derivative of -z**5/60 + 7*z**4/8 + 8*z**3 - 3*z**2 + 268*z. Give y(23).
2
Let b(n) be the second derivative of 3*n**5/20 + 2*n**4/3 + n**3 - 214*n. Let p(m) = -13*m**3 - 32*m**2 - 24*m - 1. Let s(w) = -9*b(w) - 2*p(w). What is s(-7)?
-5
Let w(s) = s**2 - s. Let v(z) = -24*z**2 + 18*z. Let d(b) = 2*v(b) + 36*w(b). Let h = 0 + 5. Suppose 8 = h*c + 13. Determine d(c).
-12
Let p = 20 - 25. Suppose -s = -4*a - 14729, s = 2*s - a - 14729. Let l(k) = -s - k + 4*k + 3*k + 14727 + 2*k**2. What is l(p)?
18
Let p(v) = 98342*v + 98352*v - 196648*v + 379 + v**2. What is p(-35)?
-6
Let c = -15 + 10. Let y(x) be the first derivative of x**3/3 - x**2/2 - 27*x - 708. Give y(c).
3
Let h(o) = 20*o + 20. Let y(t) = 7*t + 8. Let p(m) = -4*h(m) + 11*y(m). Let c = 22 - 16. What is p(c)?
-10
Let v(d) = -2*d**3 - d + 210465*d**2 + 6*d**3 - 3*d**3 - 210467*d**2. Give v(4).
28
Suppose -5*i = -2*b + 23 + 4, 0 = -4*i + 5*b - 42. Let o(a) = -2 + a**3 + 3*a**2 + 3 + 0 + 3 + 2*a. Give o(i).
-2
Let v(j) = -8*j + 23. Let i = -781 - -784. Calculate v(i).
-1
Let p be (-2*1)/(-266 - -264). Let n(f) = -30*f + 3. Give n(p).
-27
Let x(y) = 2*y**3 - 3*y**2 + y - 2. Let t be x(2). Let c(q) = -28*q - 2537. Let p(h) = -10*h - 923. Let o(l) = -4*c(l) + 11*p(l). What is o(t)?
3
Let z be (0 - (-6)/(-10))/(26/(-130)). Suppose -5*g + 5*i + 30 = 0, 0 = -2*g - z*i - 0 - 3. Let k(r) = -2*r**3 + g*r**3 + r - 2*r**3 + 0*r + 11. Calculate k(0).
11
Suppose -5*r + 2*i + 96 - 75 = 0, 5*i + 40 = 0. Let g(s) = -66*s**2 + 3*s + 1. Give g(r).
-62
Let m(j) = -j - 1. Let q(n) = 15*n + 25. Let l(g) = 6*m(g) + q(g). Let w(y) = 26*y + 55. Let u(b) = 17*l(b) - 6*w(b). Calculate u(-5).
8
Let n(s) = -3*s**2 + 23*s + 2. Suppose -54*c = -158 - 274. Determine n(c).
-6
Let h be (2*1)/(4/8). Suppose 27*w = 26*w + 49. Let x(m) = -23 - m**2 - 46*m + w*m + 19. What is x(h)?
-8
Let q(m) = -m**2 + 7*m + 3. Let r = 36 + -33. Suppose 4*w - r*w + 2*i = -8, 41 = -2*w + i. Let d be (-1)/(-1) + w/(-3). Calculate q(d).
3
Let x(u) be the second derivative of -3*u**2 - 1/20*u**5 - 1/2*u**4 - 122*u + 0 + 1/6*u**3. Determine x(-5).
-36
Let s(j) = -25*j**3 - 155*j**2 + 82*j + 11. Let k(b) = -11*b**3 - 76*b**2 + 40*b + 6. Let z(p) = 7*k(p) - 3*s(p). What is z(-34)?
9
Let w(n) = -n**3 - 14*n**2 - 15*n. Let i(c) be the first derivative of 2*c**2 + 155*c + 143. Let t be i(-42). Determine w(t).
26
Let o(x) = -10*x - 10*x + 2 + 3*x + 4*x + 2*x. Let c be (-18)/(-14) + (-1 - (-20)/28). Give o(c).
-9
Let l be 12/(-10)*-1*(2 + -12). Suppose 5*w - 2*p - 13 = 45, -3*p = -2*w + 21. Let u = w + l. Let i(q) = -q - 1. Give i(u).
-1
Suppose -17*y + 61*y - 19*y + 750 = 0. Let i(x) = -4*x - 135. Give i(y).
-15
Let q(d) = -138252*d - 2 + 138239*d - 3. Give q(-4).
47
Let d = 48 + -26. Let b = 25 - d. Suppose -b*p = -4*t + p - 8, -12 = 4*p. Let a(v) = -2*v - 2. Calculate a(t).
8
Let u(d) = -2317*d - 2314*d + 6950*d - 2317*d + 6. Calculate u(-1).
4
Let t(d) = -d + 1. Let r(f) = f. Let k(g) = 5*r(g) + 6*t(g). Let b = -38 - -116. Suppose -b = -18*o + 5*o. Give k(o).
0
Let t(k) = -9 - 2*k**2 - 11*k**2 + k**3 - 9 - 13*k. Suppose v - 12 = -7, 66 = 4*o - 3*v + 25. Determine t(o).
-4
Suppose -r = -4*r + 6. Suppose -r*z + 3*h = -32, -z = 2*h - 0*h - 2. Let x(a) = 4*a - 35. Let p be x(z). Let q(n) = -n**2 + 4*n. Give q(p).
-5
Let h = 232 + -52. Let q = 189 - h. Let o(z) = 2*z - 22. Determine o(q).
-4
Let z = 4 - -6. Let m(b) = -6*b - 1. Let t(y) = 7*y - 1. Let q(r) = m(r) + t(r). Calculate q(z).
8
Let g(b) be the third derivative of b**6/360 + 7*b**5/120 + b**4/12 + 13*b**3/2 - 2*b**2 + 18. Let a(c) be the second derivative of g(c). Give a(-6).
-5
Let l = -4548 + 4544. Let j(y) = 3*y + 3. Determine j(l).
-9
Suppose s + 4 = 5. Let b(k) be the first derivative of 7*k**6/360 - k**5/120 - 2*k**3/3 + 64*k + 127. Let v(n) be the third derivative of b(n). What is v(s)?
6
Let s(h) be the second derivative of h**6/120 - h**5/6 - h**4/24 + h**3 - 22*h**2 - 51*h. Let u(r) be the first derivative of s(r). Give u(10).
-4
Suppose f + 3*t + 4 - 3 = 0, -5*f + 15 = -5*t. Let x be ((-12)/2)/(f/(40/(-15))). Let c(w) = -w + 12. Calculate c(x).
4
Let z(f) = f**2 - 9*f - 14. Let i = 45 + -41. Suppose -90 = -13*u + i*u. Calculate z(u).
-4
Let q(d) = -134*d - 270. Let b(p) = p**3 - 82*p**2 - 917*p - 278. Let i be b(92). Calculate q(i).
-2
Let s(b) be the second derivative of b**4/24 - 5*b**3/6 + 40*b**2 - 15*b. Let p(j) be the first derivative of s(j). Calculate p(-8).
-13
Let g(k) be the second derivative of -k**3/3 + 11*k**2/2 - 114026*k. Let b = -3 + 12. Calculate g(b).
-7
Suppose 4*t - 5*p = 20, -3*t - 495 = -4*p - 511. Let u(d) be the third derivative of 0*d - 24*d**2 + t - 5/8*d**4 - 1/6*d**3. Give u(-1).
14
Let w(k) = 2*k**2 + 224290*k**3 + 3*k - 1 + 0*k**2 - 224289*k**3. Calculate w(-3).
-19
Let h = 6079 - 6084. Let z(t) = 27*t + 6. What is z(h)?
-129
Let h(p) = 35*p - 33*p + 493628 - 493636. Calculate h(15).
22
Let z(r) = r - 1. Let j(d) = 12*d + 112. Let f(h) = -h - 10. Let v(q) = -68*f(q) - 6*j(q). Let p be v(1). What is z(p)?
3
Suppose -18*q - 84 + 102 = 0. Let z(c) = 14*c + 1. What is z(q)?
15
Let j(i) = 3*i**2 - 59*i - 22. Let s(m) = -m**2 + 2*m + 4. Let y(f) = -j(f) - s(f). Give y(29).
-11
Let k(o) be the second derivative of -o**4/12 - 3*o**3/2 - 25*o**2/2 - 60*o. Let y be k(-7). Let b(z) = -z**2 - 11*z - 4. What is b(y)?
-4
Let r(w) be the first derivative of w**7/840 + w**6/360 + w**5/120 - 11*w**4/24 + 74*w**3/3 + 7. Let g(k) be the third derivative of r(k). Determine g(0).
-11
Let u(j) be the second derivative of -j**4/12 + 17*j**3/6 - 19*j**2/2 - 3521*j. What is u(6)?
47
Suppose -g = 4*g + 20. Let s(t) = 11*t**2 - 24*t - 44. Let d(q) = -8*q**2 + 16*q + 30. Let p(o) = 7*d(o) + 5*s(o). Determine p(g).
6
Let a(f) = -2*f**2 + 1. Let i(m) = m**3 + 22*m**2 - 25*m - 28. Let d be i(-23). Let s(k) = 10*k. Let c be s(2). Let z = c - d. Determine a(z).
-7
Suppose 5*b = 2*b. Let p(w) = 3 - 3 - 60674*w + 60676*w + 7. Determine p(b).
7
Let o(d) = d**3 + 12*d**2 + 1. Suppose 3*n + 2*t - 16 + 210 = 0, -5*n + t - 306 = 0. Let i be 4 + ((-220)/14 - n/(-217)). Calculate o(i).
1
Let y = 2917 - 2910. Let a(r) = r**3 - 13*r**2 + 39*r + 13. Calculate a(y).
-8
Let r(d) = d. Let v be r(4). Let t(h) = -312*h + 4. Let j(k) = -85*k + 1. Let f(w) = -22*j(w) + 6*t(w). Calculate f(v).
-6
Suppose -m + 4*t - 74 = 2*m, m + 13 = -t. Let u be ((-6)/(-12))/(3/m). Let h(c) = c**2 + 2*c. Calculate h(u).
3
Let z(b) = 6*b**3 - b**2 - 4*b - 3. Let n = -67 + 62. Let g = -6 - n. Let y be z(g). Let o(a) = -a**3 - 5*a**2 + 5*a - 2. What is o(y)?
4
Suppose -3*z - 801 = -3*p, -4*p - 5*z + 168 = -909. Let v = p - 269. Let n(u) = 13*u**2. Determine n(v).
13
Let r(i) = 2*i + 8. Suppose -55 = -5*z - w, -24 = -3*z - 3*w - 3. Suppose 7*f = -z*f - 95. Calculate r(f).
-2
Let a be 26/(-3) + 2/(-6). Suppose -3 = g - 26. Let x(q) = -4 - 1445*q + g + 1446*q. Calculate x(a).
10
Let t(k) = -5*k**2 + 6*k + 7. Let c(n) = 6*n + 0 + 3 + 2 - 5*n**2 + 3 - 2*n**2. Let x(o) = 2*c(o) - 3*t(o). Determine x(6).
-5
Let p(l) = -284*l - 3 + 582*l + 1 - 299*l + l**2. Let x = -13 + 5. Let i = x - -12. Determine p(i).
10
Let j(h) = -h**2 + 77*h + 432. Let c be j(82). Let b(y) = -y**3 + 22*y**2 - y + 30. Calculate b(c).
8
Let u(k) be the second derivative of k**7/420 + k**6/90 + k**5/30 + k**4/8 + k**3/2 - k**2 - 22*k. Let f(j) be the second derivative of u(j). Calculate f(-3).
-27
Let y(f) be the first derivative of f**3/6 + f**2 + 79*f - 157. Let u(b) be the first derivative of y(b). What is u(-8)?
-6
Let b(v) be the third derivative of v**4/24 - v**3/2 + 219*v**2 - 2. Suppose -2*n = -3*u + 11, 4*u - 21 = -5*n + 9. Calculat